= n**2 + 7*n - 38. Calculate f(0).
-38
Let z(k) = -k**2 - 17*k + 433. What is z(-31)?
-1
Let z(b) = -b**2 - 9*b + 9. What is z(-10)?
-1
Let i(x) = -4*x**3 - 2*x**2 + 2. Determine i(2).
-38
Let t(y) = 2*y - 2. Determine t(6).
10
Let y(i) = 4*i**3 - 2*i - 2. Give y(-1).
-4
Let a(j) = 2*j**2 - 19*j + 30. Determine a(8).
6
Let f(s) = -s**2 - 47*s + 205. Give f(-51).
1
Let u(q) = -3*q + 4. Calculate u(21).
-59
Let z(j) = j**2 + 8*j + 10. Determine z(-8).
10
Let c(b) = b - 13. Determine c(0).
-13
Let g(i) = i**2 - 4*i + 7. Calculate g(3).
4
Let s(o) = -o**2 - 16*o - 62. Calculate s(-6).
-2
Let b(g) = 2*g - 29. Calculate b(18).
7
Let b(h) = -h**3 - 9*h**2 + 10*h + 25. What is b(-10)?
25
Let p(m) = m**2 - 6*m - 16. Determine p(8).
0
Let m(w) = -8*w + 34. Give m(4).
2
Let v(f) = -6*f - 60. Determine v(-19).
54
Let s(t) = -t**3 + 7*t**2 + t - 4. What is s(5)?
51
Let b(s) = -s**2 - 10*s + 7. Calculate b(-9).
16
Let l(z) = -2*z + 8. Determine l(8).
-8
Let m(r) = -r**3 - 9*r**2 + r - 7. What is m(-9)?
-16
Let z(i) = i**3 - i. What is z(2)?
6
Let d(g) = g**2 + 2*g - 5. Determine d(6).
43
Let u(d) = -d**2 - 4*d + 13. Calculate u(-5).
8
Let r(l) = 38*l**2 - 2*l - 1. What is r(-1)?
39
Let v(a) = 2*a - 6. Give v(-7).
-20
Let k(l) = -l**3 + 7*l**2 + l - 15. Give k(4).
37
Let o(j) = -4*j - 30. What is o(9)?
-66
Let n(v) = -12*v**2 - 36*v + 8. Determine n(-4).
-40
Let p(m) = -m**3 - 16*m**2 + 16*m - 23. What is p(-17)?
-6
Let v(l) = -22*l + 44. Give v(2).
0
Let k(l) = -5*l**2 - 17*l + 11. Calculate k(-4).
-1
Let v(d) = d**2 - 11*d + 2. What is v(7)?
-26
Let o(i) = i**2 - 4*i + 4. What is o(3)?
1
Let w(a) = 6*a + 4. Determine w(-2).
-8
Let n(c) = c**2 + 4*c - 2. Determine n(-6).
10
Let f(x) = -x**2 - 22*x - 58. Calculate f(-3).
-1
Let v(g) = -g**2 + 6*g + 24. What is v(9)?
-3
Let a(l) = 22*l**3 - 1. What is a(1)?
21
Let d(f) = 10*f + 61. Calculate d(-6).
1
Let o(u) = u**3 + 2*u**2 + 8*u + 23. Calculate o(0).
23
Let p(i) = -i**2 - 14*i + 37. Determine p(-18).
-35
Let z(w) = 17*w**2 - 2*w - 1. Give z(-1).
18
Let w(o) = o**2 - 2*o - 18. Give w(0).
-18
Let t(w) = w**2 - 5*w + 8. Calculate t(4).
4
Let p(j) = 9*j + 2. Calculate p(-6).
-52
Let y(c) = 4*c**2 - 7*c + 16. What is y(2)?
18
Let b(g) = 3*g**2 - 20*g - 3. Determine b(4).
-35
Let x(n) = -14*n - 4. Determine x(-5).
66
Let l(u) = u**3 - 19*u**2 - 24*u - 11. Determine l(20).
-91
Let q(x) = x**2 + 10*x - 22. What is q(-10)?
-22
Let g(b) = -2*b**3 - 3*b**2 + 2*b + 3. Calculate g(-3).
24
Let q(w) = w**2 + 45*w + 162. Calculate q(-41).
-2
Let h(o) = -o**2 + 3*o - 1. Determine h(4).
-5
Let r(u) = u**3 - 7*u**2 - 3*u + 13. Give r(7).
-8
Let z(f) = f - 1. Give z(11).
10
Let a(z) = -93*z - 7. What is a(2)?
-193
Let r(o) = o**3 - 2*o**2 - 1. Determine r(3).
8
Let g(p) = p + 7. Calculate g(-2).
5
Let b(i) = 2*i**2 + 31*i - 4. Give b(-9).
-121
Let n(o) = -o**3 - o**2 - 2*o - 3. What is n(-2)?
5
Let p(h) = 2*h**2 - 63*h - 27. Calculate p(32).
5
Let x(s) = 3*s + 1. Give x(3).
10
Let c(w) = -w**2 + 9*w - 6. What is c(8)?
2
Let n(s) = -s**2 - 8*s - 13. Give n(-4).
3
Let i(w) = -w**3 + w + 4. Calculate i(-2).
10
Let o(d) = d**3 + 9*d**2 - d - 8. Give o(-9).
1
Let j(r) = -r**3 - 4*r**2 + 3*r - 6. Calculate j(-5).
4
Let l(p) = -p**3 + 5*p**2 + 13*p + 13. Determine l(7).
6
Let l(f) = -f**3 - 10*f**2 - 20*f - 5. Give l(-5).
-30
Let j(g) = -7*g + 72. Determine j(15).
-33
Let x(q) = -q**2 - 10*q + 4. Calculate x(0).
4
Let l(q) = -12*q - 9. Determine l(-1).
3
Let f(j) = -4*j + 12. Give f(-16).
76
Let o(p) = -p**2 - 3*p + 9. Determine o(-4).
5
Let g(j) = -6*j - 46. Calculate g(11).
-112
Let c(k) = 42*k + 128. What is c(-3)?
2
Let c(n) = -15*n**2 + 1. What is c(-1)?
-14
Let v(m) = -m**2 - 10*m + 16. Give v(-11).
5
Let v(i) = 2*i**2 + 36*i + 37. Determine v(-17).
3
Let u(m) = -m - 11. Calculate u(-10).
-1
Let p(z) = -4*z**2 + 152*z + 17. Give p(38).
17
Let w(y) = 3*y + 25. Give w(-12).
-11
Let o(y) = -y**3 + 8*y**2 + 2*y + 10. Calculate o(8).
26
Let g(x) = -13*x - 3. Determine g(2).
-29
Let l(g) = -12*g - 704. What is l(-59)?
4
Let q(c) = -2*c**3 + 6*c**2 + 1. What is q(2)?
9
Let v(t) = t**2 + 5*t - 10. Give v(-7).
4
Let d(j) = -2*j**2 + 81*j + 123. Give d(42).
-3
Let a(k) = k**3 - 3*k + 2. What is a(1)?
0
Let y(x) = 14*x + 82. Calculate y(-6).
-2
Let u(z) = -z**3 - 21*z**2 - z - 15. Determine u(-21).
6
Let z(q) = -q**2 + 11*q - 9. Calculate z(7).
19
Let u(m) = 3*m - 3. Determine u(-2).
-9
Let f(r) = 56*r + 27. Give f(0).
27
Let b(g) = 35*g**2 + g + 2. Calculate b(-1).
36
Let g(s) = s**3 + 5*s**2 + 3*s - 1. Calculate g(-3).
8
Let f(m) = -2*m + 4. What is f(-2)?
8
Let f(d) = -10*d**2 + d + 1. Calculate f(2).
-37
Let r(n) = -3*n + 103. What is r(37)?
-8
Let l(j) = -j + 2. Calculate l(-4).
6
Let q(l) = -22*l**2 + l. Calculate q(-1).
-23
Let g(a) = -a**3 - 24*a**2 - 24*a - 26. Give g(-23).
-3
Let n(t) = -t**3 + 7*t**2 - 2*t + 12. Determine n(7).
-2
Let p(a) = a**2 + 12*a - 29. Give p(3).
16
Let j(v) = 2*v + 40. What is j(-21)?
-2
Let b(w) = -5*w + 32. Determine b(11).
-23
Let y(h) = 7*h - 45. Calculate y(6).
-3
Let i(x) = x**3 + 6*x**2 + 8*x + 10. Calculate i(-5).
-5
Let m(l) = l**2 - 6*l - 6. Determine m(5).
-11
Let u(l) = 2*l - 3. What is u(3)?
3
Let j(o) = -2*o + 15. Give j(14).
-13
Let m(d) = d**2 - 7*d + 4. Give m(9).
22
Let g(k) = k - 6. What is g(11)?
5
Let l(c) = -2*c**2 - 69*c - 70. Determine l(-1).
-3
Let l(a) = -2*a - 10. Determine l(-10).
10
Let f(w) = w**2 - 8*w + 15. Determine f(9).
24
Let l(d) = d**3 + 30*d**2 + 27*d - 59. Calculate l(-29).
-1
Let v(l) = 2*l**2 + 5*l - 4. Give v(-4).
8
Let m(h) = h**3 - 6*h**2 - h + 2. Calculate m(6).
-4
Let u(d) = -d**3 - 9*d**2 - 2*d - 1. What is u(-7)?
-85
Let p(g) = -31*g - 87. Give p(-3).
6
Let m(w) = -47*w + 618. Give m(13).
7
Let n(w) = 2*w**2 - 21*w + 23. What is n(9)?
-4
Let q(d) = -2*d**3 + 12*d**2 + 1. Give q(6).
1
Let k(m) = 31*m - 554. What is k(18)?
4
Let g(v) = -18*v - 40. Give g(-5).
50
Let y(i) = -i**3 - 13*i**2 - i - 194. Calculate y(-14).
16
Let u(z) = -7*z - 8. What is u(6)?
-50
Let m(z) = z**3 - 13*z**2 - 13*z - 23. What is m(14)?
-9
Let t(a) = a**3 - 6*a**2 + 8*a - 4. Give t(3).
-7
Let s(w) = w**3 + 15*w**2 - 36*w - 4. Calculate s(-17).
30
Let u(a) = 6*a**3 + a**2 - 3*a + 1. Determine u(2).
47
Let b(s) = s**2 - 11*s - 7. Calculate b(11).
-7
Let q(z) = -3*z + 39. Calculate q(11).
6
Let s(c) = -c**3 + 5*c**2 + 6. Calculate s(5).
6
Let p(y) = y**2 + 18*y + 31. What is p(-14)?
-25
Let a(g) = -26*g + 6. What is a(0)?
6
Let p(t) = -t**2 - 6*t + 7. Calculate p(-6).
7
Let j(z) = 8*z - 227. Determine j(27).
-11
Let r(h) = -2*h**2 + 28*h + 5. Give r(14).
5
Let b(l) = 3*l - 4. Calculate b(0).
-4
Let f(x) = -x - 6. What is f(-5)?
-1
Let f(w) = 21*w - 153. Give f(7).
-6
Let p(o) = o**2 - o - 2. Give p(-1).
0
Let g(s) = -s**3 - 4*s**2 + 7*s + 4. Determine g(-5).
-6
Let w(v) = 13*v**3 - v. What is w(-1)?
-12
Let d(x) = 2*x - 42. Calculate d(25).
8
Let j(p) = p - 13. Calculate j(5).
-8
Let c(n) = 7*n - 174. What is c(23)?
-13
Let s(o) = -o**2 + 13*o - 15. Determine s(13).
-15
Let y(v) = v**3 - 5*v**2 - 3*v + 2. Determine y(3).
-25
Let b(x) = -x**3 + 7*x**2 - 5*x - 6. Calculate b(5).
19
Let g(i) = i**2 - 18*i + 53. Calculate g(16).
21
Let l(k) = 4*k - 22. Calculate l(10).
18
Let h(d) = -6*d + 54. Calculate h(9).
0
Let r(v) = -2*v**2 - 2*v - 4. Calculate r(-2).
-8
Let w(y) = y + 6. Give w(8).
14
Let p(k) = -2*k**2 - 16*k - 26. Determine p(-6).
-2
Let d(m) = -m**3 + 6*m**2 - 7. Determine d(5).
18
Let y(q) = 2*q**2 - 14*q + 38. Calculate y(7).
38
Let q(c) = 2*c**2 + 15*c + 6. Determine q(-7).
-1
Let k(q) = 16*q**2 + 12*q - 13. What is k(1)?
15
Let x(l) = 2*l**3 - 3*l**2 + 5*l - 7. What is x(2)?
7
Let r(y) = 9*y + 4. Determine r(-1).
-5
Let m(l) = -6*l + 1. Determine m(-2).
13
Let x(m) = -7*m + 66. Give x(9).
3
Let o(y) = y**2 + 4*y + 1. Calculate o(8).
97
Let x(g) = 4*g**2 - g - 1. Determine x(-3).
38
Let t(b) = b**3 + 18*b**2 + 48*b + 29. Calculate t(-15).
-16
Let f(y) = y**2 - 11*y - 45. Calculate f(14).
-3
Let l(y) = -2*y - 43. Determine l(-17).
-9
Let c(m) = 4*m - 97. Determine c(0).
-97
Let s(g) = -g**3 + 5*g**2 + g + 7. Calculate s(4).
27
Let p(u) = -u**2 - 10*u - 18. Give p(-13).
-57
Let p(y) = 13*y**2 - 52*y - 4. What is p(4)?
-4
Let z(x) = x**2 + 32*x - 140. What is z(4)?
4
Let a(d